*3/2 + 3*b**2 + 2*b. Let h be l(5). Let n(k) = k**3 + 4*k**2 - 2*k - 5. What is the units digit of n(h)?
3
Let f(j) = -j**3 - j + 3. What is the units digit of f(0)?
3
Suppose -5*m + 207 = 2*h - 25, -4*h + 2*m = -416. What is the units digit of h?
6
Suppose -6*z + 42 + 102 = 0. What is the units digit of z?
4
What is the tens digit of 5/((-15)/(-468)) - (-4)/(-2)?
5
Suppose -3 - 1 = 4*s. What is the units digit of (2 - s)/((-9)/(-12))?
4
Let k(f) = f**2 + 3*f + 2. Let x(d) = d**3 - 5*d**2 + 3*d. Let w be x(4). What is the units digit of k(w)?
6
Suppose -3*t = 2*u - 49, -3*t - 3*u - 35 = -86. Let z = -12 + t. What is the units digit of z?
3
Let d(v) = -v**3 + 8*v**2 + v - 4. Let x be d(8). Suppose -j + x*s = -27, 0*s + 43 = 4*j - 3*s. What is the units digit of j?
7
Let u be -1 + (-2)/2*-1. Suppose l + u = 4. What is the units digit of l?
4
Let d(j) = -3*j**2 + 46*j + 6. What is the units digit of d(14)?
2
Suppose 6 = -2*w - 5*d, 4*w + 4*d - 9 = 3. What is the units digit of w?
7
Let h be 2 - (-4)/((-8)/6). What is the tens digit of (-1 - 0)*(-32 + h)?
3
Let n be (3 + 4)*(-12)/(-14). What is the units digit of (-3)/n + 60/8?
7
Let q = 12 + -11. What is the units digit of q*-2 - (-14 + 9)?
3
Let a(f) = -17*f - 11. What is the tens digit of a(-5)?
7
Suppose 4*m = -2*z + 22, 5*m = 2*m - 5*z + 13. Let q(a) = -a**3 + 5*a**2 + 8*a - 7. What is the units digit of q(m)?
5
Let i(q) = q - 8. Let l be i(-6). Let g be (-104)/(-28) + (-4)/l. Suppose 4*a + g*m = 64, -3*m = 2*a + 12 - 46. What is the units digit of a?
4
Suppose 4*s = -s + 40. What is the units digit of s?
8
Suppose -3*j - 5*t - 4 = 2, 4*t = -3*j - 3. Let q = j + -2. What is the units digit of q - -8 - (1 - 1)?
9
What is the units digit of 42/28*(54 - 0)?
1
Let a(d) = -3*d**3 - 2*d**2 + 2*d + 1. Suppose 4*i + 2*c + 2 + 2 = 0, -4*i = -3*c + 14. What is the units digit of a(i)?
3
Suppose -19 = -4*g + 5*j, -j + 16 = 4*g - 5*j. Let u = g - -12. What is the tens digit of u?
1
What is the units digit of (-2)/14 + (-2521)/(-7)?
0
Let y = 41 - 79. Suppose 2*u - 2*l - 112 = -l, u - 42 = -3*l. Let q = u + y. What is the tens digit of q?
1
Let x = 24 - 17. What is the units digit of x?
7
Let m = 21 - 19. Suppose -m*b - 1 = -41. What is the units digit of b?
0
Let g = 2 - 2. Suppose -q + 18 = 3*f, 2*q + 4 + g = 2*f. What is the units digit of q?
3
Suppose 0*i = -4*x + i + 75, -2*x + 30 = -2*i. What is the units digit of x?
0
Suppose 4 = c - 5*y, -43 - 54 = -3*c - 2*y. Let g = c + -11. Suppose l + l = g. What is the units digit of l?
9
Let m be 8/(-36) - (-218)/9. Suppose -4*t = -2*t + m. What is the units digit of 47/5 - t/(-30)?
9
Let c be -3 + 24/2 + -1. Suppose 3*k - 43 - c = 0. What is the units digit of k?
7
Let p(s) = s**2 + s + 1. Let q = 1 - 3. What is the units digit of p(q)?
3
What is the tens digit of 62/(1/((-11)/(-2)))?
4
Suppose -s - 1 = 3*t, -4*s + 4*t - 20 = -0*s. Let h = 5 - s. What is the units digit of h?
9
Suppose f - 2*f = 2. What is the units digit of (8/10)/(f/(-20))?
8
Suppose 3*w - 1 = 2, 3*w - 11 = -b. Let d = -4 + b. Let t(i) = -i**2 + 4*i + 2. What is the units digit of t(d)?
2
Suppose -590 = -3*g - 4*k, -2*k - 966 = -3*g - 2*g. What is the units digit of g?
4
Suppose 4*p - 5*p - 124 = 0. What is the tens digit of (0 - 3)/(12/p)?
3
Suppose 0 = 4*i - 361 - 171. What is the hundreds digit of i?
1
Suppose 4*h = -0*h + 12. Suppose 3 = -h*g + 9. What is the units digit of g?
2
Let y = 28 + 85. What is the hundreds digit of y?
1
Let y(t) = t - 4. What is the units digit of y(8)?
4
Suppose 12 = 4*k + 4*z, 4*k = 5*z - z + 52. What is the units digit of k?
8
Let p be -5 - (2 + 1)/(-1). What is the tens digit of (-2)/(p/3) - -9?
1
Suppose -4*q = 4*x + 12, -5 + 0 = x. Let p be 1*((-4 - -1) + 2). What is the units digit of (1/(-2))/(p/q)?
1
Let g = -397 - -576. What is the units digit of g?
9
Let i = 411 + -250. What is the tens digit of i?
6
What is the units digit of 0 - -102*2/4?
1
Suppose 0 = -2*t + x + 4, 2*t + 2*t + 3*x - 8 = 0. Suppose 4*a = t*a - 5*k - 6, 4*a + 4*k = 0. What is the units digit of a?
2
Let j = -57 + 413. What is the units digit of j?
6
Suppose -11 = 3*g + 1. Let y = 3 - g. What is the units digit of y?
7
Let u = -3 + 1. Let b(k) = 5*k - 3. Let h be b(2). Let l = u + h. What is the units digit of l?
5
Suppose -5*u - 10 = -w - 204, -4*u + 140 = 3*w. What is the units digit of u?
8
Let q(u) = 0*u + u**2 + u + 3*u + 3. Suppose a - 16 = 5*a. What is the units digit of q(a)?
3
Let r(w) be the third derivative of 0*w + 3*w**2 + 0 - 1/2*w**3 - 1/60*w**5 - 7/24*w**4. What is the units digit of r(-5)?
7
Let g be (7/(-7))/(1/3). Suppose -5*a + 3*k + 100 = 5*k, -41 = -2*a - k. What is the units digit of a/3 - 1*g?
9
Suppose -d + 3*r - 27 = -0*d, -59 = 2*d - r. Let j = d + 46. What is the units digit of j?
6
What is the units digit of 44/(-3)*9/(-6)?
2
Suppose 0 = 2*x - 3*h - 3 - 6, 3*x = -4*h - 12. Suppose -5*n = 2*o - 33, x*o + 45 = 4*o + 3*n. What is the units digit of o?
9
Suppose 0 = 5*y + g - 118, y + 3*g = -2*g + 38. What is the units digit of y?
3
Let v(f) = -1 + f + 2*f - 4*f + 0*f. Let o be v(-6). What is the units digit of 28/o + 4/10?
6
Suppose -3*a + 4 = -2*l - 0, -2*a - 3*l + 7 = 0. Let z = 3 + a. Suppose 3*k = z*k - 2. What is the units digit of k?
1
Let j(m) = m**3 - 3*m**2 - 3*m. Let c be j(4). Suppose -c*s + 101 = 3*b, -178 = -3*b - 2*b + 3*s. What is the tens digit of b?
3
Let x(l) = l + 14. What is the units digit of x(7)?
1
Let r(h) = -61*h + 37. What is the units digit of r(-4)?
1
Let m = 36 + 4. Suppose 0 = 4*l - 2*i - m, -l = l - 2*i - 24. What is the units digit of l?
8
Let w(m) = 14*m - 26. What is the tens digit of w(7)?
7
Suppose 3*s + 61 = 199. What is the tens digit of s?
4
Let s = -67 + 161. What is the units digit of s?
4
Let k(j) = j**2 - 5*j - 4. Let o be k(6). What is the units digit of -2*(-27)/12*o?
9
Suppose -2*y = -6*y + k + 358, -5*k = 10. What is the units digit of y?
9
Let x(r) = r**3 + 13*r**2 + 12*r + 11. What is the hundreds digit of x(-7)?
2
Let t be 6/10*(-90)/(-6). Let k(h) = -h - 2 + 2*h - 3. What is the units digit of k(t)?
4
Let l be -8*-1*18/3. Suppose -2*u + 48 = 5*j - 26, -u = -3*j - l. What is the tens digit of u?
4
Let u = 39 - -96. What is the tens digit of u?
3
Let a = 31 + -20. Let x be (-27)/(-6) + 3/6. Let b = a - x. What is the units digit of b?
6
Let n = 10 + -6. Let r be (2/n)/((-1)/20). Let g = -6 - r. What is the units digit of g?
4
Let v(c) = -c - 5. Suppose -2*t = -u - 4, 5*u + t - 1 - 1 = 0. Let w be v(u). Let r = -4 - w. What is the units digit of r?
1
What is the tens digit of ((-590)/5)/2*-1?
5
Let w(a) = -a**2 + 6*a - 1. Suppose -4*y = -30 + 10. Let i be w(y). Suppose 2*v - 50 = -v + 5*u, 4*v - i*u = 56. What is the units digit of v?
0
Suppose -2*n = n. Suppose 120 = -n*o + 3*o. What is the units digit of ((-1)/(-2))/(2/o)?
0
Let b = 23 + -16. Let i(r) = r**2 - 2*r + 10. What is the units digit of i(b)?
5
Let r be -1 - (-1 + 0/2). Let k(m) = m + 8. What is the units digit of k(r)?
8
Let k = 5 + -9. Let y(m) = -m**2 - 6*m - 6. What is the units digit of y(k)?
2
Let v(y) = 6*y + 4. What is the units digit of v(7)?
6
Suppose 3*k = -19 + 52. What is the tens digit of k?
1
Let h(a) = -a - 1. Let o be h(-4). Suppose -z + 2 = u, 5*u + 8 = o*z - 6. Suppose 0 = -z*l + 10 + 8. What is the units digit of l?
6
Let x = 27 - -12. What is the tens digit of x?
3
Suppose -4*a + 3*h + 551 = -24, 2*h = 3*a - 430. What is the units digit of a?
0
Let f(i) = 23*i + 4 + 3 + 0*i**2 + i**2 - 19*i. What is the tens digit of f(-5)?
1
Let n be 12/20 + 27/5. Let t = 6 - n. Suppose m = -t*m + 9. What is the units digit of m?
9
What is the tens digit of (213/9)/((-5)/(-30))?
4
Let w(y) = 48*y - 2. What is the hundreds digit of w(3)?
1
Let s(c) = -c**3 - 12*c**2 - 12*c - 7. Let x be s(-11). Suppose -12 = -2*i + x. Suppose 3*o = i*o - 10. What is the units digit of o?
2
Let h(p) = p**3 - 5*p**2 - 5*p - 7. Let a be h(8). What is the units digit of (-2)/8 - a/(-20)?
7
Let d = 13 - 9. Suppose 2 = d*b - 5*w, 4*b - 3*w = 2*b. What is the units digit of b?
3
Let b(h) = h**2 + h + 1. Let j be b(-1). Let f be (j/3)/((-7)/21). What is the units digit of (0 - (-1)/f)*-13?
3
Let m(x) = x**3 + 13*x**2 + 12*x - 6. Let i be m(-12). What is the unit